remainder when y is divided by 9?
7
Suppose -413 + 59 = 2*l. Let m = -171 - l. Suppose -4*h = -4*c - 112, 3*c = -0*h - h + 8. Calculate the remainder when h is divided by m.
5
Let g(w) = -60*w - 1188. Calculate the remainder when 301 is divided by g(-21).
13
Let k(q) = -37*q. Let n = 1363 + -775. Let g = n - 563. Calculate the remainder when k(-4) is divided by g.
23
Let c be (-8)/(-16) + 10/4. Suppose 6*s + 2*y - 469 = 3*s, s - c*y - 138 = 0. Calculate the remainder when s is divided by 77.
76
Suppose -a - 9*c + 2463 = -11*c, 4914 = 2*a - c. Calculate the remainder when a is divided by 91.
89
Suppose -3*l + 6 = -3, -4*l = 23*i - 4819. What is the remainder when 211 is divided by i?
2
Calculate the remainder when 10/6 - ((-7955)/15 - -16) is divided by 86.
0
Let p = -126 + 134. Let v(h) = h**3 - 7*h**2 - 7*h + 1. What is the remainder when 35 is divided by v(p)?
8
Let b = -48696 - -48709. Suppose -2*p = -x + 41, 23 = x - p - 22. What is the remainder when x is divided by b?
10
Suppose 2*n = 4*s + s - 1389, -4*n = 3*s - 849. What is the remainder when s is divided by 12?
3
Let c be 115/92*(-12 + 0). What is the remainder when 125 is divided by 50/c*(-306)/30?
23
Suppose 3*r + 7 = -4*r. Calculate the remainder when 991 is divided by 6*r*32/(-12).
15
Let r = 98 + -39. Suppose 58*g - r*g - 11 = 0. Let l = g + 71. Calculate the remainder when l is divided by 16.
12
Let j = 5949 + -5850. Calculate the remainder when 897 is divided by j.
6
What is the remainder when (-258)/9*((-6290)/105 + 6/(-63)) is divided by 70?
40
Suppose 3*u - u = 60. Let a = u + -26. Suppose -38 = -a*z + z + 2*v, 2*z + 5*v = 0. What is the remainder when 17 is divided by z?
7
Calculate the remainder when (502 - -4) + 138/(-23) is divided by 37.
19
Let y = -225 - -23. Let n = -130 - y. Let i = -59 + n. Calculate the remainder when 89 is divided by i.
11
Let h(x) = -x**3 + 24*x**2 - 28*x - 48. Calculate the remainder when h(22) is divided by 138.
28
Let z(i) = 294*i + 14. Let x be z(9). Suppose 5*r = 24*r - x. What is the remainder when r is divided by 47?
46
Let c = 9059 - 8789. Let n(k) = 14*k + 6. Calculate the remainder when c is divided by n(2).
32
Let j = -487 - -529. What is the remainder when 271 is divided by j?
19
Let b = 18 - 4. Suppose -b*m + 275 = -3*m. What is the remainder when 47 is divided by m?
22
Suppose 10*n = -3*n + 12*n + 2. Let g = 4 + -18. Let j = -6 - g. Calculate the remainder when j is divided by n.
0
Suppose 0 = 2*j - 10, 3*h - j - 164 = -5*j. Let t be ((171/18)/19)/(2/(-124)). Let z = h + t. Calculate the remainder when z is divided by 5.
2
Let s be 3 - (2/5 + (-8)/(-5)). Let o(l) = l**2 - 2*l + 2. Let i be o(s). Calculate the remainder when 103 is divided by i/(-3) + (-680)/(-51).
12
Let h(n) = n - 35. Let m = 41 - 32. Let b be h(m). Let q = b + 30. What is the remainder when 13 is divided by q?
1
Let k(o) = -3*o**3 - 43*o**2 - 20*o + 11. What is the remainder when k(-14) is divided by 45 + 323/57 + (-4)/6?
45
Let j = 189 - 174. Calculate the remainder when 237*((-16)/(-20))/(18/j) is divided by 23.
20
Let s = -3963 + 4153. Calculate the remainder when 742 is divided by s.
172
Suppose -465 = d - 16*d. Let t be (-1)/4 + 1/12*3. Suppose t = -7*n + 632 + 222. What is the remainder when n is divided by d?
29
Let g = -3077 - -3623. Calculate the remainder when 1093 is divided by g.
1
Suppose 13*t - 9*t = -13*t + 153. Calculate the remainder when 2174 is divided by t.
5
Suppose -839 = -5*y - 4*u, -212 - 488 = -4*y + 4*u. Calculate the remainder when (-348)/(-5) - y/285 is divided by 92/6 + (-6)/18.
9
Let d = 246 + -102. Calculate the remainder when d is divided by 1.
0
Let t be (1*4/(-14))/((-200)/1400). What is the remainder when 246 + 2*(-5 + t) is divided by 22?
20
Suppose -44 = -2*t - 2*t. Let a be -3*1/(-6)*(-156)/(-13). Suppose 252 = a*v - 126. What is the remainder when v is divided by t?
8
What is the remainder when (6801/6)/((-9)/(-18)) is divided by 108?
107
Suppose 2*k - 6 = k - 2*b, 0 = -4*b - 12. Suppose 15*o = k*o + 81. Calculate the remainder when ((-240)/(-18) - 0)/((-1)/(-6)) is divided by o.
26
Let u(w) = -21*w**3 + 47*w**2 + 183*w - 21. Calculate the remainder when u(-5) is divided by 61.
58
Let i(o) = o**2 + 230*o + 689. What is the remainder when 1167 is divided by i(-3)?
7
Let f(t) = 26*t**2 - 5*t - 6. Let y be f(-14). Suppose 6*p = -2*p + y. Suppose 13*n - 8*n - p = 0. Calculate the remainder when n is divided by 22.
19
Suppose -63*n - 1102 + 1522 = -2667. What is the remainder when n is divided by 12?
1
Suppose -63 = 12*i - 747. Calculate the remainder when i/3 - 1/((-4)/4) is divided by 10.
0
Let z(r) = 13*r + 1. Let o(g) = 721*g - 38879. Calculate the remainder when z(5) is divided by o(54).
11
Suppose 99*p - 103*p = -828 - 928. Calculate the remainder when p is divided by -4 - (2*-22 + -4).
43
Calculate the remainder when ((-604)/(-2))/(189/7 + -25) is divided by 11.
8
Let t(u) = -u**2 + 8*u. Let o be t(8). Let a = -83 - -98. Calculate the remainder when a is divided by (-2 - -1 - o) + 12.
4
Suppose 5*v = -3*b + 780, 5*v - 312 = 3*v + 5*b. Suppose -8*a + 6*a = -v. What is the remainder when a is divided by 38?
2
Suppose -13*r + 8*r + 20 = -5*w, 4*w - 32 = -2*r. Suppose 5*o = -2*f + 73, -40 = -f + r*o - 7*o. Calculate the remainder when 232 is divided by f.
37
Let b(l) = -l**2 - 54*l - 475. What is the remainder when b(-38) is divided by 25?
8
Let c = 10942 - 10911. What is the remainder when 201 is divided by c?
15
Let m = -1278 + 1225. Suppose 0 = 5*n + g + 220, 5*n + 135 + 65 = -5*g. Let i = n - m. What is the remainder when 10 is divided by i?
2
Let n = -4649 - -4714. Calculate the remainder when 78 is divided by n.
13
Suppose 63*s + 41*s - 1104 = 88*s. Calculate the remainder when 228 is divided by s.
21
Let y(q) = q**2 - q + 5. Let t be y(0). Suppose -t*r - 3 = 3*j + 17, -4*j - 20 = 0. Let u(m) = -32*m + 4. What is the remainder when u(r) is divided by 13?
10
Let f(a) = 292*a - 1. Let k(y) be the third derivative of -73*y**4/12 - 7*y**2. Let z(g) = 3*f(g) + 5*k(g). What is the remainder when z(1) is divided by 36?
35
Let d be (-1)/(-2)*40/5. Suppose -l + 4*f + 4 = 0, -d*f + f = 0. What is the remainder when 45 is divided by l?
1
Let k(o) = -27. Let b(v) be the second derivative of v**3/6 + 13*v**2 + 20*v. Let x(s) = 6*b(s) + 5*k(s). What is the remainder when x(17) is divided by 21?
18
Let d(z) = z**2. Let u(b) = -b**3 + 10*b**2 - 2*b + 40. Let j(p) = -5*d(p) + u(p). Suppose -16 = -5*q + 39. What is the remainder when j(5) is divided by q?
8
Suppose -103 = -6*d + 3*d - 2*u, -d + 57 = -5*u. Let h be 5*(-24)/150*-5. Let s(x) = x**2 - 9*x + 28. Calculate the remainder when d is divided by s(h).
5
Suppose 8*y + 62 = -1162. Let b = 180 + y. Suppose 11 = -s + 116. What is the remainder when s is divided by b?
24
Let i = -203 + 421. Let h = i + -181. Calculate the remainder when h is divided by (-130)/(-6) + (-1)/(-3).
15
Suppose 0 = -47*z + 70*z - 713. Calculate the remainder when z is divided by 22.
9
Suppose -u + 3 = 0, 2*z = 7*z - 3*u + 49. Let n(x) = -x**3 - 6*x**2 + 13*x + 4. Calculate the remainder when 76 is divided by n(z).
20
Suppose 0 = 3*z - 3, 0 = -2*p + 50*z - 46*z + 606. What is the remainder when p is divided by 92?
29
Let f(b) = -5*b + 1 + 2*b**2 + 12*b**2 + 0. Let a = 6354 - 6352. What is the remainder when 279 is divided by f(a)?
44
Let t = 107 + -56. What is the remainder when 2/(-3) + 598/6 is divided by t?
48
Let n = -244 - -244. Calculate the remainder when -78*(n/(-2) + (-14)/21) is divided by 36.
16
Let i(j) = -20*j**2 + 99*j + 154. What is the remainder when 0 - (-1 + 2) - -110 is divided by i(6)?
25
Suppose 0 = -39*z + 41*z - r - 55, -z - 3*r = -10. Calculate the remainder when 499 is divided by z.
24
Suppose 0 = -2*t + 66 - 62. Suppose -62 + 22 = -t*w. Let v = 192 - 133. Calculate the remainder when v is divided by w.
19
Let h(w) = 7*w - 82. Let n be h(11). Let c = n - -18. Calculate the remainder when ((-100)/16)/((-1)/8) is divided by c.
11
Suppose -4*h + 263 = 339*q - 342*q, -6*h = 4*q - 386. What is the remainder when 1383 is divided by h?
18
Suppose 104693 = 16*d + 2021. What is the remainder when d is divided by 15?
12
Suppose 25147*t + 1326 = 25164*t. Calculate the remainder when 1169 is div